 h(l) = l**2 - 11*l - 37. What is h(13)?
-11
Let k(m) = -8*m**2 - 7*m + 2. What is k(-2)?
-16
Let c(r) = -4*r + 57. Determine c(17).
-11
Let v(a) = -a + 36. Determine v(12).
24
Let j(d) = d**3 - 6*d**2 - 7*d + 1. What is j(7)?
1
Let n(s) = -s**2 - 10*s - 20. Determine n(-6).
4
Let d(w) = w + 1. Determine d(-1).
0
Let l(v) = 6*v - 7. What is l(8)?
41
Let s(h) = -3*h**3 + 4. What is s(-2)?
28
Let g(s) = -s**3 - s**2 + 16*s + 12. What is g(-4)?
-4
Let c(o) = -8*o + 4. Calculate c(0).
4
Let j(a) = -a**3 - 4*a**2 + 31*a + 4. Give j(4).
0
Let x(d) = d**2 - 7*d + 2. Calculate x(5).
-8
Let d(z) = -3*z**2 - 15*z + 11. Determine d(-6).
-7
Let t(r) = r + 1. Give t(6).
7
Let w(m) = -m**2 + 4*m - 20. Calculate w(7).
-41
Let k(u) = u**2 - u + 9. Determine k(-6).
51
Let w(u) = u**2 - 2*u - 33. What is w(6)?
-9
Let w(f) = -7*f**2 + f. What is w(2)?
-26
Let a(x) = -x**2 + 4*x + 13. Give a(7).
-8
Let o(b) = b**3 + 10*b**2 + 2*b - 55. Calculate o(-9).
8
Let d(s) = s**3 + 3*s**2 + 4. Give d(-4).
-12
Let p(w) = -2*w**2 + 18*w - 11. Calculate p(8).
5
Let d(f) = -4*f - 4. Determine d(-1).
0
Let h(v) = v**3 + 8*v**2 - 20*v + 9. Determine h(-10).
9
Let w(z) = z**3 - 14*z**2 - 17*z + 22. Calculate w(15).
-8
Let w(o) = o**2 - 10*o - 44. What is w(14)?
12
Let p(l) = 6*l + 50. Give p(-8).
2
Let j(a) = -a**3 + 6*a**2 - 6*a + 6. What is j(5)?
1
Let f(a) = -14*a + 82. Calculate f(6).
-2
Let g(q) = 4*q**2 - 3*q - 3. Give g(3).
24
Let p(y) = -y**2 - 23*y - 26. Determine p(-22).
-4
Let y(c) = 14*c + 13. Calculate y(-1).
-1
Let a(b) = -b**3 + 35*b**2 + 38*b - 77. What is a(36)?
-5
Let f(u) = u**2 - u + 1. Give f(6).
31
Let b(a) = -9*a**3 + a**2 + a - 2. What is b(1)?
-9
Let y(r) = r + 16. What is y(-8)?
8
Let n(o) = o**2 - 4*o + 6. Determine n(4).
6
Let k(a) = -7*a**3 - 2*a - 1. Calculate k(-1).
8
Let h(b) = -b**2 + 2*b + 9. Determine h(4).
1
Let n(b) = 4*b - 2. Calculate n(7).
26
Let i(u) = u**3 + 6*u**2 - 7*u - 14. What is i(-7)?
-14
Let t(c) = -10*c + 3. Determine t(-1).
13
Let b(u) = 12*u**3 + u - 1. What is b(1)?
12
Let n(r) = 9*r - 27. Calculate n(8).
45
Let w(h) = 2*h**2 + 8*h - 4. Calculate w(-6).
20
Let n(q) = 2*q**2 - 4*q + 2. Calculate n(3).
8
Let f(o) = -2*o - 4. Give f(-8).
12
Let a(o) = -o + 2. What is a(-3)?
5
Let u(d) = -7*d - 26. Give u(-3).
-5
Let a(l) = l**2 - 2*l - 26. Determine a(11).
73
Let p(d) = d**3 - 13*d**2 + 22*d - 5. Determine p(11).
-5
Let y(r) = r**2 - 13*r - 35. What is y(17)?
33
Let a(s) = -s + 1. What is a(8)?
-7
Let f(y) = 12*y + 22. Determine f(-8).
-74
Let r(v) = -v**2 - 6*v. Calculate r(-4).
8
Let d(i) = -i + 25. What is d(-12)?
37
Let h(n) = -2*n**2 + 14*n + 4. Determine h(7).
4
Let p(h) = -h**2 - 9*h + 30. Give p(5).
-40
Let v(l) = 32*l - 6. Determine v(2).
58
Let a(k) = k**3 - 25*k**2 + 27*k - 45. What is a(24)?
27
Let j(x) = -x**3 + x - 5. Calculate j(0).
-5
Let g(m) = -m**2 - 3*m + 3. What is g(-3)?
3
Let g(y) = y**2 - 26*y + 55. What is g(19)?
-78
Let t(g) = -2*g**3 - 7*g**2 + 3*g + 2. Determine t(1).
-4
Let s(k) = -2*k**3 + 2*k**2 - k. Calculate s(1).
-1
Let r(c) = -106*c + 2. What is r(-1)?
108
Let p(h) = h**2 + h - 4. Determine p(-3).
2
Let f(t) = 2*t**3 - 7*t**2 - 9*t - 12. Determine f(5).
18
Let q(t) = t + 8. Give q(0).
8
Let f(z) = -z**3 - 41*z**2 + 3*z + 133. Calculate f(-41).
10
Let h(f) = 4*f**2 + 59*f - 8. Determine h(-15).
7
Let r(w) = w + 40. Give r(-19).
21
Let z(y) = y**2 - 18*y + 17. Calculate z(16).
-15
Let l(t) = 41*t - 36. Give l(-3).
-159
Let m(b) = -2*b**3 + 9*b**2 + 5*b - 14. Give m(5).
-14
Let t(y) = -y**3 + 5*y**2 + 11*y + 39. What is t(7)?
18
Let v(l) = l**2 + 27*l - 107. Determine v(4).
17
Let i(v) = 4*v**2 - 23*v + 3. Give i(6).
9
Let u(n) = n - 68. Give u(0).
-68
Let y(r) = -r**3 - 7*r**2 - 5*r - 32. Calculate y(-7).
3
Let p(t) = -t**2 - 20*t - 17. Calculate p(-19).
2
Let l(t) = -t - 46. What is l(-35)?
-11
Let s(w) = -w**2 - 6*w - 4. Calculate s(-4).
4
Let h(d) = -55*d + 20. Calculate h(-2).
130
Let v(n) = -2*n**3 + 2*n**2 - n. Determine v(2).
-10
Let j(r) = 5*r - 1. Determine j(2).
9
Let t(z) = 2*z - 21. Give t(9).
-3
Let f(n) = -n - 4. Calculate f(-8).
4
Let h(c) = -c**3 - 35*c**2 - 94*c + 39. Give h(-32).
-25
Let u(l) = l**3 + 8*l**2 - 9*l + 11. What is u(-9)?
11
Let s(j) = -j**3 - 4*j**2 - 6*j - 5. Determine s(-2).
-1
Let b(r) = -r**2 - 17*r - 6. Give b(-16).
10
Let i(u) = 12*u + 145. Give i(-11).
13
Let u(b) = 10*b + 40. What is u(-7)?
-30
Let g(a) = -2*a**2 - 20*a - 68. What is g(-4)?
-20
Let v(d) = 2*d**3 + 3*d**2 + 2*d - 4. Calculate v(-4).
-92
Let r(x) = 115*x + 686. Calculate r(-6).
-4
Let q(w) = -w**3 - 2*w**2 - w - 4. What is q(-3)?
8
Let h(a) = 7*a**2 - 1. What is h(-1)?
6
Let w(t) = -t**3 + 10*t**2 + 9*t - 6. Give w(11).
-28
Let i(q) = -q + 8. What is i(-10)?
18
Let z(m) = m**3 + 6*m**2 - 4*m + 22. Calculate z(-7).
1
Let i(c) = -c**3 - 8*c**2 + 2*c + 8. Determine i(-8).
-8
Let h(d) = -d**3 + 44*d**2 - 45*d + 88. Give h(43).
2
Let k(o) = -o**2 + 18*o - 82. Determine k(10).
-2
Let h(q) = q**3 + 13*q**2 + 28*q - 14. Determine h(-10).
6
Let v(a) = -6*a - 94. What is v(-17)?
8
Let u(z) = 3*z**2 + 28*z + 24. Calculate u(-8).
-8
Let r(u) = 8*u - 7. Determine r(2).
9
Let p(i) = 10*i - 265. Give p(27).
5
Let q(m) = 11*m**3 - 1. Determine q(1).
10
Let n(z) = 25*z + 70. Give n(-6).
-80
Let z(t) = -8*t**2 - 7*t - 10. What is z(-4)?
-110
Let t(g) = -g**3 + 2*g**2 - 3*g - 2. What is t(3)?
-20
Let f(p) = 8*p + 60. What is f(-7)?
4
Let q(p) = -p**3 + 14*p**2 - 3*p - 4. Determine q(0).
-4
Let m(a) = -4*a**3 + 5*a**2 - 5*a + 3. Determine m(3).
-75
Let q(t) = -4*t**2 - 2*t + 2. Determine q(-2).
-10
Let w(a) = 3*a - 68. What is w(23)?
1
Let q(y) = y**3 - 4*y**2 + 4*y - 2. What is q(2)?
-2
Let t(h) = -h**3 - 10*h**2 - 15*h - 54. Determine t(-9).
0
Let p(f) = -f**2 - 17*f - 40. What is p(-14)?
2
Let i(l) = -3*l + 17. Give i(7).
-4
Let s(v) = -v**2 + 44*v - 474. Give s(18).
-6
Let l(d) = -2*d - 7. What is l(4)?
-15
Let l(i) = -i**3 + 2*i**2 - 2*i. What is l(0)?
0
Let i(c) = -4*c + 9. Give i(1).
5
Let y(f) = -f**3 + 6*f**2 + 9*f + 6. Calculate y(8).
-50
Let o(m) = 3*m**3 - 3*m**2 + 1. Determine o(-1).
-5
Let w(v) = -v**3 - 4*v**2 + 12*v + 34. Give w(-5).
-1
Let o(t) = -3*t + 31. Give o(12).
-5
Let p(i) = -2*i**3 + 5*i**2 + 8*i + 3. Determine p(-2).
23
Let s(u) = -3*u + 8. Calculate s(-3).
17
Let y(d) = 32*d**3 - d. Calculate y(-1).
-31
Let v(f) = 46*f - 41. Calculate v(1).
5
Let j(q) = -2*q**2 - 7*q + 8. Calculate j(1).
-1
Let i(a) = -11*a**2 - 99*a - 3. Calculate i(-9).
-3
Let l(m) = 2*m**3 + 8*m**2 + 13*m + 6. Give l(-5).
-109
Let j(i) = i**2 + 3*i + 2. Calculate j(-2).
0
Let g(y) = y**2 + 23*y - 5. Give g(-16).
-117
Let o(l) = l**2 - 35*l + 42. Determine o(34).
8
Let d(w) = -w**3 + 4*w**2 + 5*w + 2. Determine d(5).
2
Let z(w) = -w**3 + 5*w**2 - 3*w + 2. Give z(5).
-13
Let b(m) = -m + 14. Give b(-2).
16
Let d(g) = -g + 36. Give d(28).
8
Let s(w) = -w**3 + 9*w**2 - 15*w + 128. Calculate s(9).
-7
Let a(f) = -f + 1. Calculate a(-5).
6
Let i(y) = y**3 + 5*y**2 - 3*y + 7. Give i(-6).
-11
Let k(u) = u**2 + 7*u + 7. Calculate k(-5).
-3
Let w(k) = -k**2 - 40*k - 381. Give w(-25).
-6
Let b(w) = -w**3 - 6*w**2 + 12*w + 6. Determine b(-8).
38
Let d(k) = 84*k**3 + k**2 - k - 2. Calculate d(-1).
-84
Let q(v) = -v**3 - 20*v**2 - 23*v - 1. Calculate q(-19).
75
Let m(k) = 2*k**2 - 78*k + 60. What is m(38)?
-16
Let j(p) = p**2 + 30*p + 175. Calculate j(-8).
-1
Let p(i) = -4*i + 41. Give p(11).
-3
Let u(v) = -v**3 - 10*v**2 - 18*v - 10. What is u(-8)?
6
Let a(b) = b**3 + 2*b**2 + 4*b + 5. Calculate a(-4).
-43
Let t(k) = 2*k**2 + k. Determine t(-2).
6
Let x(n) = 40*n + 2. What is x(1)?
42
Let g(f) = f - 8. Determine g(-10).
-18
Let t(h) = -14*h**2 + 3*h - 3. Calculate t(1).
-14
Let l(u) = -17*u**3 + 4*u**2 - 3*u + 1. What is l(1)?
-15
Let y(j) = j - 23. What is y(8)?
-15
Let h(a) = a**3 - 15*a**2 - 32*a - 28. Determine h(17).
6
Let y(s) = -s**2 - 9*s + 132. Give y(-17).
-4
Let q(o) = -25*o - 103. Give q(-5).
22
Let l(a) = a + 4. Determine l(-7).
-3
Let b(q) = 2*q**2 + 14*q + 14. Determine b(-1).
2
Let r(j) = 11*j - 4. What is r(0)?
-4
Let l(y) = y**2 - 22*y + 3. Give l(15).
-102
Let b(u) = 55*u + 54. Calculate b(-1).
-1
Let i(l) = -l + 18. Determine i(13).
5
Let r(p) = p - 2. Calculate r(-2).
-4
Let p(r) = 2*r**2 + 14*r - 5. Give